{"id":8,"date":"2018-04-24T08:59:05","date_gmt":"2018-04-24T08:59:05","guid":{"rendered":"http:\/\/www.tureckyjazyk.cz\/?page_id=8"},"modified":"2018-04-24T14:53:05","modified_gmt":"2018-04-24T14:53:05","slug":"domu","status":"publish","type":"page","link":"https:\/\/www.tureckyjazyk.cz\/","title":{"rendered":"\u00davod"},"content":{"rendered":"<p>Chyst\u00e1te se do Turecka na dovolenou a chcete se nau\u010dit p\u00e1r v\u00fdraz\u016f a fr\u00e1z\u00ed, abyste se domluvili s m\u00edstn\u00edmi obyvateli? M\u00e1te v Turecku zn\u00e1m\u00e9 a p\u0159\u00e1tele a chcete s nimi komunikovat v jejich rodn\u00e9m jazyce?<\/p>\n<p>\u010cek\u00e1 V\u00e1s studijn\u00ed nebo pracovn\u00ed pobyt v Turecku a nechcete odjet zcela nep\u0159ipraveni? Nebo V\u00e1s Turecko prost\u011b zaj\u00edm\u00e1 a chcete se za\u010d\u00edt u\u010dit dal\u0161\u00edmu ciz\u00edmu jazyku?<\/p>\n<p>Nab\u00edz\u00edm kurzy ture\u010dtiny r\u016fzn\u00fdch \u00farovn\u00ed, od za\u010d\u00e1te\u010dn\u00edk\u016f po pokro\u010dil\u00e9, individu\u00e1ln\u00ed nebo skupinov\u00e9, firemn\u00ed, konverza\u010dn\u00ed nebo on-line kurzy \u0161it\u00e9 na m\u00edru Va\u0161im po\u017eadavk\u016fm a p\u0159edstav\u00e1m za velmi v\u00fdhodn\u00e9 ceny. Krom\u011b v\u00fduky nab\u00edz\u00edm p\u0159eklady do \/ z ture\u010dtiny.<\/p>\n<p style=\"text-align: right;\"><strong>Mgr. Petra Sedm\u00edkov\u00e1<\/strong><\/p>\n","protected":false},"excerpt":{"rendered":"<p>Chyst\u00e1te se do Turecka na dovolenou a chcete se nau\u010dit p\u00e1r v\u00fdraz\u016f a fr\u00e1z\u00ed, abyste se domluvili s m\u00edstn\u00edmi obyvateli? M\u00e1te v Turecku zn\u00e1m\u00e9 a p\u0159\u00e1tele a chcete s nimi komunikovat v jejich rodn\u00e9m jazyce? \u010cek\u00e1 V\u00e1s studijn\u00ed nebo pracovn\u00ed pobyt v Turecku a nechcete odjet zcela nep\u0159ipraveni? Nebo V\u00e1s Turecko prost\u011b zaj\u00edm\u00e1 a chcete&#8230;<\/p>\n","protected":false},"author":1,"featured_media":0,"parent":0,"menu_order":0,"comment_status":"closed","ping_status":"closed","template":"","meta":{"footnotes":""},"class_list":["post-8","page","type-page","status-publish","hentry"],"_links":{"self":[{"href":"https:\/\/www.tureckyjazyk.cz\/index.php\/wp-json\/wp\/v2\/pages\/8","targetHints":{"allow":["GET"]}}],"collection":[{"href":"https:\/\/www.tureckyjazyk.cz\/index.php\/wp-json\/wp\/v2\/pages"}],"about":[{"href":"https:\/\/www.tureckyjazyk.cz\/index.php\/wp-json\/wp\/v2\/types\/page"}],"author":[{"embeddable":true,"href":"https:\/\/www.tureckyjazyk.cz\/index.php\/wp-json\/wp\/v2\/users\/1"}],"replies":[{"embeddable":true,"href":"https:\/\/www.tureckyjazyk.cz\/index.php\/wp-json\/wp\/v2\/comments?post=8"}],"version-history":[{"count":5,"href":"https:\/\/www.tureckyjazyk.cz\/index.php\/wp-json\/wp\/v2\/pages\/8\/revisions"}],"predecessor-version":[{"id":85,"href":"https:\/\/www.tureckyjazyk.cz\/index.php\/wp-json\/wp\/v2\/pages\/8\/revisions\/85"}],"wp:attachment":[{"href":"https:\/\/www.tureckyjazyk.cz\/index.php\/wp-json\/wp\/v2\/media?parent=8"}],"curies":[{"name":"wp","href":"https:\/\/api.w.org\/{rel}","templated":true}]}}

Úvod

<p>Chystáte se do Turecka na dovolenou a chcete se naučit pár výrazů a frází, abyste se domluvili s místními obyvateli? Máte v Turecku známé a přátele a chcete s nimi komunikovat v jejich rodném jazyce?</p>
<p>Čeká Vás studijní nebo pracovní pobyt v Turecku a nechcete odjet zcela nepřipraveni? Nebo Vás Turecko prostě zajímá a chcete se začít učit dalšímu cizímu jazyku?</p>
<p>Nabízím kurzy turečtiny různých úrovní, od začátečníků po pokročilé, individuální nebo skupinové, firemní, konverzační nebo on-line kurzy šité na míru Vašim požadavkům a představám za velmi výhodné ceny. Kromě výuky nabízím překlady do / z turečtiny.</p>
<p style="text-align: right;"><strong>Mgr. Petra Sedmíková</strong></p>

<p>Chystáte se do Turecka na dovolenou a chcete se naučit pár výrazů a frází, abyste se domluvili s místními obyvateli? Máte v Turecku známé a přátele a chcete s nimi komunikovat v jejich rodném jazyce? Čeká Vás studijní nebo pracovní pobyt v Turecku a nechcete odjet zcela nepřipraveni? Nebo Vás Turecko prostě zajímá a chcete&#8230;</p>
